8070
In base 6, what is 5053233 + 403?
5054040
In base 12, what is 467 - 50b2a6?
-50aa3b
In base 3, what is 11011101 - -102020102?
120101210
In base 12, what is -2a8288b + -5?
-2a82894
In base 15, what is ca8595 - -7?
ca859c
In base 8, what is 1351733 + 0?
1351733
In base 16, what is -124 + -ad3f?
-ae63
In base 7, what is -35522462 - 311?
-35523103
In base 13, what is -1a18c + 4ab?
-199b1
In base 3, what is -1200000010022 - -11?
-1200000010011
In base 16, what is 2ea9 + -122?
2d87
In base 16, what is f - 20a5e3?
-20a5d4
In base 14, what is 333 + -1328?
-dd5
In base 5, what is 23022110143 + -12?
23022110131
In base 15, what is 404175 + 1?
404176
In base 6, what is -44 - 1422111543?
-1422112031
In base 16, what is 6f1c1 - -1?
6f1c2
In base 2, what is 111011 + 100100110100000001111000?
100100110100000010110011
In base 14, what is 11039 - -8b24?
19b5d
In base 15, what is -5a275 - 2ea?
-5a570
In base 10, what is 1263019 + 1?
1263020
In base 5, what is 100003 + 21421?
121424
In base 3, what is 11020101 - 210200211?
-122110110
In base 4, what is 101010101013 + 100?
101010101113
In base 16, what is 3c92 - -21a3?
5e35
In base 9, what is 42815527 + 1?
42815528
In base 4, what is 1002 - 12123313123?
-12123312121
In base 7, what is 31142 - -240?
31412
In base 12, what is -2b4115 + -a5?
-2b41ba
In base 16, what is -22a + 8ba8?
897e
In base 2, what is -10111110000100100010 - -1010?
-10111110000100011000
In base 3, what is -1002221112 + 1222121?
-1000221221
In base 10, what is -85032 - -1434?
-83598
In base 4, what is 10033212330 - -22?
10033213012
In base 7, what is 234651404 - 3?
234651401
In base 10, what is -627 - 8780?
-9407
In base 2, what is -1000110011100100101 - 10001011011?
-1000110101110000000
In base 9, what is -575 - -66777?
66202
In base 11, what is 16 + 495926?
495941
In base 5, what is -211 + 4303241413?
4303241202
In base 9, what is -434011 + 12?
-433888
In base 3, what is 1 - -1001221212102122?
1001221212102200
In base 11, what is 3094 + -4787?
-16a3
In base 6, what is -14200140 + 0?
-14200140
In base 6, what is 3 + -544422311?
-544422304
In base 12, what is 172 + 1b202?
1b374
In base 7, what is 2150 + 1163215?
1165365
In base 12, what is 2b8 - 47629?
-47331
In base 13, what is -c9270 + 5?
-c9268
In base 13, what is -11 + 4c46b80?
4c46b6c
In base 7, what is 15 - 253342122?
-253342104
In base 10, what is -133 - 84405?
-84538
In base 10, what is 164 - -175961?
176125
In base 10, what is 53498425 - 1?
53498424
In base 7, what is 5 + -113365230?
-113365222
In base 16, what is -56 + 44e3ac?
44e356
In base 14, what is -829 + -38a7?
-42d2
In base 8, what is -111 + -61125231?
-61125342
In base 12, what is 1594 + 575?
1b49
In base 9, what is 6248613 + -1?
6248612
In base 6, what is 5 - 1102050033?
-1102050024
In base 3, what is 10 - -1121121112002001?
1121121112002011
In base 10, what is -433 - -120835?
120402
In base 3, what is -111 - -1111002022220?
1111002022102
In base 12, what is b3 + -9261?
-916a
In base 2, what is -1110111010100010001011100 + -101?
-1110111010100010001100001
In base 7, what is -1214150 + 233?
-1213614
In base 11, what is 106896 - 18?
106879
In base 10, what is -101 + -1058809?
-1058910
In base 14, what is 160cc + 72d?
1681b
In base 6, what is -2 + -215453351?
-215453353
In base 3, what is -10111200201222 + -1?
-10111200202000
In base 15, what is 5 - 150c9b3?
-150c9ad
In base 16, what is -65a7 + 406?
-61a1
In base 12, what is a48a16 - -7?
a48a21
In base 4, what is -32202222121 + -11?
-32202222132
In base 2, what is 0 - -1110110111101111111110110000?
1110110111101111111110110000
In base 10, what is -7880 - 38806?
-46686
In base 13, what is -1808a4c0 + 3?
-1808a4ba
In base 15, what is -1484 + -51a1?
-6635
In base 4, what is 1201 - 200003033?
-200001232
In base 4, what is -131011310132 + -1?
-131011310133
In base 16, what is -3c5 - 7bd5?
-7f9a
In base 4, what is 3233 - -220123022?
220132321
In base 4, what is -31032101 - 1230133?
-32322300
In base 12, what is -36 - -12a87?
12a51
In base 3, what is -212112111 - -2112101?
-210000010
In base 12, what is -5 + -1ab35?
-1ab3a
In base 9, what is 3431326 - 24?
3431302
In base 11, what is 5104 + -776?
4439
In base 14, what is -48c88c8b + -5?
-48c88c92
In base 5, what is 1400002 + -21244?
1323203
In base 6, what is -1523 - 22422034?
-22424001
In base 14, what is -210 - 9909?
-9b19
In base 16, what is 6819 - -11e?
6937
In base 2, what is -1001111010 - 1101000010110010?
-1101001100101100
In base 15, what is 70d263 - -3?
70d266
In base 2, what is -10 - -100101010100001010101110?
100101010100001010101100
In base 4, what is 2 - -200023323201?
200023323203
In base 6, what is 4313542242 - 4?
4313542234
In base 14, what is 1cd74c - 249?
1cd503
In base 5, what is 131233 + -231231?
-44443
In base 5, what is 104023 - 1234?
102234
In base 6, what is 3142225 - -2023?
3144252
In base 10, what is -58959 + -5134?
-64093
In base 10, what is 0 - 18515548?
-18515548
In base 3, what is 1202200210 - 2000122?
1200200011
In base 9, what is 455873 + 11?
455884
In base 10, what is 6 - 4445805?
-4445799
In base 10, what is 2 + -1548935?
-1548933
In base 3, what is -110222120112112 - -1002?
-110222120111110
In base 2, what is -1010001000110001000110000010 + 100?
-1010001000110001000101111110
In base 3, what is -220200012112 - -112212?
-220122122200
In base 14, what is c1 - 38b4db?
-38b41a
In base 14, what is 41c5 + 324?
4509
In base 2, what is -101110110110 - 1011011000111110?
-1100000111110100
In base 7, what is 12 - 1635013113?
-1635013101
In base 4, what is -111202231101 - -12?
-111202231023
In base 16, what is -15cd - -50028?
4ea5b
In base 15, what is 13e27 + 16?
13e3d
In base 10, what is -823 - 10409?
-11232
In base 5, what is 214034344233 + 2?
214034344240
In base 4, what is -312 - -221232233?
221231321
In base 8, what is 34050 - -175622?
231672
In base 9, what is 137 - -56540?
56677
In base 15, what is 5984 - 365e?
2325
In base 11, what is -1377 - 300a?
-4386
In base 5, what is -4 + 100130214324?
100130214320
In base 10, what is -3036343 + 5?
-3036338
In base 16, what is -7 + 1ee8c2?
1ee8bb
In base 16, what is 28413 - -a?
2841d
In base 4, what is 23230123123 + 30?
23230123213
In base 2, what is 10111000110111101 - -10100110011?
10111011011110000
In base 2, what is 10 + 10010010011001010001?
10010010011001010011
In base 5, what is -21422323210 - 1?
-21422323211
In base 14, what is 1d9da2 - -85?
1da047
In base 3, what is 2010200020211220 + 12?
2010200020212002
In base 11, what is 1130074 + 35?
11300a9
In base 16, what is 7 - 1857a8a?
-1857a83
In base 11, what is -36 - -1043144?
1043109
In base 10, what is 2963300 + 1?
2963301
In base 13, what is -2b92620 + 5?
-2b92618
In base 15, what is -3 - -7c2a7d6?
7c2a7d3
In base 15, what is -211023 + 2d?
-210ee5
In base 7, what is 135 - 564144?
-564006
In base 14, what is -3b9b - -6a4?
-34d7
In base 4, what is 113 - 1201220131?
-1201220012
In base 7, what is 2 + 1510020264?
1510020266
In base 5, what is -2140 - 20023204?
-20030344
In base 7, what is 31431 + 5125?
36556
In base 14, what is -102846 + -4d?
-102895
In base 3, what is -102202 - -2002112020?
2002002111
In base 10, what is 219693 + 168?
219861
In base 11, what is -30645a + -631?
-306a90
In base 12, what is -209a - 7?
-20a5
In base 4, what is -13213 - 12021003?
-12100222
In base 2, what is -10 - 111001010010000100010?
-111001010010000100100
In base 14, what is 3 + 439d78d3?
439d78d6
In base 9, what is 40 + -45408754?
-45408714
In base 11, what is 16473784 - 5?
1647377a
In base 7, what is -42 + 11352166?
11352124
In base 8, what is 277752 - 36?
277714
In base 13, what is -312 - 177bbc?
-178201
In base 7, what is -24 + -630322141?
-630322165
In base 2, what is 1101100001000101001101010 - -11?
1101100001000101001101101
In base 9, what is -5 + 81563686?
81563681
In base 5, what is 12 - -140123020?
140123032
In base 13, what is 4 + -519361?
-51935a
In base 13, what is -1 - -5c61b82?
5c61b81
In base 3, what is -111110020022020 - -2?
-111110020022011
In base 3, what is 1122 + 22220010112?
22220012011
In base 4, what is -100302123021313 + 0?
-100302123021313
In base 12, what is 2 - baa1b0?
-baa1aa
In base 8, what is -21 + -16166?
-16207
In base 9, what is 213803483 - 3?
213803480
In base 10, what is 17 - -16155043?
